 the remainder when r is divided by 3/((-9)/(-24)) - m?
5
Suppose 2*o + 3*q = -2, -2*q = 5*o + 4 - 21. Suppose 0*f + 124 = f + 3*r, f + o*r - 134 = 0. Calculate the remainder when f is divided by 56.
53
Let s be 28/6*126/49. Suppose 2*t - 14 = -s. Calculate the remainder when 46 is divided by ((-4)/(-6))/(t/(-3))*-8.
14
Let r = 1555 + -841. Suppose 0 = -4*c + 866 + r. What is the remainder when c is divided by 18?
17
Calculate the remainder when ((-34)/(-5))/((-72)/(-390)) - (-70)/(-84) is divided by (2 + -1)/(1/11).
3
Suppose 10349 = 216*v - 5635. Let b = 696 - 475. Calculate the remainder when b is divided by v.
73
Let p = -170 + 349. Suppose -3*m + 6*m + p = 4*v, 191 = 4*v + m. Let s = -40 + v. Calculate the remainder when 17 is divided by s.
3
Suppose 5*x - 6*d - 204 = 1353, -1244 = -4*x + 4*d. What is the remainder when x is divided by 100?
9
Let z be ((-9)/27)/(3/(-72)). Suppose z*f - 16 = 208. Suppose 2*j - f = 82. What is the remainder when j is divided by 29?
26
Suppose -41 - 173 = 2*o. Let f = 161 + o. Calculate the remainder when f is divided by 20.
14
Let n(m) = m**3 + 9*m**2 + 5*m - 2. Let l be n(-7). Suppose -5*t + 3*z = -t - 210, t - l = 5*z. Calculate the remainder when t is divided by -5*(-2)/(-20)*3*-6.
6
Suppose -5*z - 4*j = -88, -3*j = -z + 2*z - 11. Calculate the remainder when z is divided by 36/(-13)*2990/(-460).
2
Let j(w) = -2*w**3 + 10*w**2 + 16*w - 21. Suppose 26 = z - 17. Calculate the remainder when z is divided by j(6).
1
Let g(t) = -t**3 - 4*t**2 - 6. Let y be g(-5). Let k = 24 - -2. Let m = y + k. What is the remainder when m is divided by 23?
22
Let l = 11545 - 11468. Calculate the remainder when l is divided by 59.
18
Let i be -1 + (2 - 5 - -3). Calculate the remainder when 45 is divided by (-20)/(0 + i)*(-16)/(-20).
13
Let f(k) = k**2 - 45. Let p be f(7). Calculate the remainder when ((-10)/(-3))/(((-24)/(-63))/p) is divided by 29.
6
Let s = 94 - -5. Let r = 187 - s. Suppose -56 - 13 = -3*z. Calculate the remainder when r is divided by z.
19
Let h(a) = -a**3 + 6*a**2 + 29*a - 66. Calculate the remainder when 490 is divided by h(8).
34
Let n(t) = -117*t**3 + 2*t**2 - 1. Suppose 17 = 2*o + 2*c + 1, 5*c + 23 = 4*o. Calculate the remainder when n(-1) is divided by o.
6
Let b(y) = 47*y - 18. Let s be b(5). Let f = -211 + s. What is the remainder when 33 is divided by f?
3
Let s(c) = -6*c + 23. Suppose 3*d = -5*l + 3*l + 12, 2*l - d - 4 = 0. Calculate the remainder when 36 is divided by s(l).
1
Let u = 27 - 8. Suppose -2*x - n = -7, -4*x - 5*n + 11 = -0*x. Calculate the remainder when u is divided by -4 + 75/5 - x.
5
Suppose 0 = 6*o + 5 - 47. Let w(x) = -x**3 + 6*x**2 + 7*x + 8. Let q(g) = 2*g**2 + 2*g + 1. Calculate the remainder when q(-3) is divided by w(o).
5
Suppose 0 = 30*l - 24*l - 6. What is the remainder when ((-7)/(-2) + -3)/(l/120) is divided by 15?
0
Suppose 0 = 126*f - 74914 + 9520. Calculate the remainder when f is divided by 18.
15
Let s(q) = -6*q - 25. Let h = 12 + -17. Let a be s(h). Let k(z) = -z**3 + 7*z**2 + 3*z - 9. Calculate the remainder when k(a) is divided by 20.
16
Suppose 97*j = 102*j - 1208 - 347. What is the remainder when j is divided by 186?
125
Let v(k) = k**3 + 12*k**2 + 2. Let z be v(-12). Suppose 4*o = -z*o + 864. Let g = 154 - o. What is the remainder when 19 is divided by g?
9
Let q = -102 - -56. Let j = q - -102. Let y = -155 - -377. Calculate the remainder when y is divided by j.
54
Let f(o) = 2*o - 45. Let q be f(23). Let n = q + -90. What is the remainder when 49/(-21) - 2/(-6) - n is divided by 31?
25
Let c = -3034 + 3095. Calculate the remainder when 154 is divided by c.
32
Suppose -5094*g = -5074*g - 63740. Calculate the remainder when g is divided by 10.
7
Suppose -2340 = 96*j - 161*j. What is the remainder when 185 is divided by j?
5
Suppose -144 = -h + 2*k, 5*h - 5*k = 866 - 176. What is the remainder when h is divided by 54?
24
Let s = -24 + 53. Suppose 2*i - 36 = -3*z, -i = 70*z - 68*z - 22. What is the remainder when s is divided by z?
5
Let p(y) = -28*y - 26. Let z be p(2). Let s = 48 - z. What is the remainder when s is divided by 27?
22
Let v(t) = -t**2 + 12*t - 34. Let q be v(6). Suppose -q*y + 61 = 47. Calculate the remainder when 20 is divided by y.
6
Let q(f) = 2*f**2 - 15*f - 33. Let h be q(-3). Calculate the remainder when 3/(-3)*8*(-195)/h is divided by 16.
4
Let l(q) = -3*q**3 - 79*q**2 - 36*q - 256. Suppose -2*t = 9 + 17. Let d = t - -24. Calculate the remainder when d is divided by l(-26).
3
Let t = -6 - -75. What is the remainder when t is divided by 1/((64/(-60))/(-16))?
9
Let t be 5 + -2*102/4. Let p = 78 + t. Suppose -4*a + p = -28. Calculate the remainder when 104 is divided by a.
14
Let c be -21*(-2 - 8/14). Suppose 7*n = c + 51. Suppose 6*d = 9*d - n. Calculate the remainder when 8 is divided by d.
3
Suppose 2*v = -0*v, 3*v = -i - 464 + 484. Suppose 2*s + n = 6*s - 282, -10 = -5*n. Calculate the remainder when s is divided by i.
11
Suppose 6*u = 7*u + 4, -4*n = u. What is the remainder when 216 is divided by 7/((-84)/438)*(n + -3)?
70
Let c be 5/(-30)*3*-82. Let f = c + -34. Calculate the remainder when (3/((-18)/(-4)))/((-6)/(-225)) is divided by f.
4
Calculate the remainder when 271 is divided by 1 - (-310)/4 - (-525)/210.
28
Let s(i) = -29*i + 5. Let j(k) = -k**3 - 21*k**2 + 69*k - 41. Let o(x) = 7*x - 199. Let a be o(25). Calculate the remainder when s(-4) is divided by j(a).
28
Let y = -30509 + 30828. Suppose -l + 128 = l. What is the remainder when y is divided by l?
63
Let i = 15099 + -14425. What is the remainder when i is divided by 217?
23
Suppose 0 = 2*w - 5*y - 3333, -4*y + 1029 - 7713 = -4*w. What is the remainder when w is divided by 105?
99
Suppose -645 = -38*d + 305. Let j = 5 + -5. Suppose j = 4*t - 5*t + 4. Calculate the remainder when d is divided by t.
1
Let j(r) = -r**3 - 50*r**2 - 455*r + 46. Calculate the remainder when j(-39) is divided by 26.
20
Let b(s) = 96*s**2 - 64*s + 164. What is the remainder when b(3) is divided by 27?
26
Suppose 0 = -8*f - 94 - 154. Let q(c) = c + 19. Let k be q(17). Let l = f + k. Calculate the remainder when 5 is divided by l.
0
Suppose -13*w + 8*w = -4*q - 80, 3*q - 15 = 0. What is the remainder when 1 + 3 - w/(300/(-495)) is divided by 27?
10
What is the remainder when 696 is divided by ((-1917)/9 + 10)/(-8 + 7)?
87
Let c(g) = g**3 - 20*g**2 - 23*g - 8. Let y be c(21). What is the remainder when 0 + (-4)/(-4)*3 - y is divided by 18?
17
Suppose -5*y - 3*u - 2*u + 545 = 0, 2*u + 4 = 0. Suppose t - y = 5*f + 2*t, -4*f - 108 = -4*t. What is the remainder when 0/1 + -2*f/1 is divided by 17?
12
What is the remainder when 3248 is divided by ((-43)/172 + (2 - (-22)/(-8)))*-51?
35
Let o(s) = 0*s + s**2 + 9*s - 23 - 3. What is the remainder when o(-14) is divided by 25?
19
Suppose -4*t - 6*l + 2*l = -92, -t + 15 = -3*l. What is the remainder when -57 + 102979/871 - (-10)/13 is divided by t?
20
Let c be ((-490)/40 + 7)*8/(-2). Suppose -c = -r + b, 8*b + 59 = 3*r + 3*b. Let d = 27 + -13. What is the remainder when r is divided by d?
9
Suppose -145*s - 800 = -155*s. What is the remainder when s is divided by 6?
2
Suppose -260 = -7*h + 188. Let g be -130*(4/15)/(6/(-9)). Let z = h - g. What is the remainder when 105 is divided by z?
9
Let h(u) = 15 + 104*u**2 - 47*u**2 + 12*u - 51*u**2. What is the remainder when h(-6) is divided by 32?
31
Let l be 20/(-16) + 9/36. What is the remainder when 0 - l - (-3 + 7 + -11) is divided by 8?
0
Suppose 124 = 3*z - 211 + 233. What is the remainder when 709 is divided by z?
29
Suppose 12*f + 66 = 13*f. Let k = f + -111. Let z = 142 + k. What is the remainder when z is divided by 20?
17
Let u(v) = -v**2 - 18*v - 65. Suppose -4*f + 3*m - 22 = 5*m, 29 = -5*f - 2*m. Calculate the remainder when 54 is divided by u(f).
6
Let j be (-2)/(-8) - 10097/(-92). Let o = j - 81. What is the remainder when o is divided by 15?
14
Suppose -624 = -7*x - 5*x. Let d = x - 57. Calculate the remainder when 50 is divided by d + (-8)/(-4) - -17.
8
Suppose -4*a + 128 = 3*o, 2*o - 108 = 17*a - 14*a. What is the remainder when (o - 62)*11/(-2) is divided by 39?
38
Calculate the remainder when 130 - (-12 + -14 + 13) is divided by 72.
71
Suppose -3*h = -6*a + 10*a - 238, -4*a = 4*h - 324. What 